154625055?
True
Is 46393620 a multiple of 29?
True
Is 24 a factor of 1213010059?
False
Is 593497135 a multiple of 56?
False
Is 810 a factor of 220339?
False
Is 577303909 a multiple of 91?
True
Does 639 divide 152828352?
True
Does 588 divide 2504861640?
False
Is 628370334 a multiple of 222?
True
Does 106 divide 361364388?
True
Is 192861492 a multiple of 94?
True
Is 21 a factor of 182823501?
True
Is 1064 a factor of 16858016?
True
Is 391 a factor of 190944249?
False
Is 12373 a factor of 2157455264?
True
Is 290541636 a multiple of 6?
True
Is 396 a factor of 386711820?
True
Does 225 divide 626217525?
True
Is 34482910 a multiple of 385?
True
Is 95554920 a multiple of 60?
True
Is 753 a factor of 8823654?
True
Is 13096406 a multiple of 154?
False
Is 15 a factor of 2406738?
False
Is 2971799765 a multiple of 55?
True
Is 11 a factor of 44636229?
True
Does 146 divide 15329310?
False
Does 6345 divide 1266966517?
False
Is 128988193 a multiple of 1348?
False
Is 1316743218 a multiple of 15?
False
Is 443 a factor of 14717519?
False
Does 5 divide 5252699?
False
Is 92 a factor of 5863656432?
True
Is 87 a factor of 2419690279?
False
Is 873 a factor of 38438190?
True
Is 727894267 a multiple of 28?
False
Is 228 a factor of 9465420?
True
Does 1864 divide 266326604?
False
Does 269 divide 82327988?
True
Does 26 divide 2381222454?
True
Is 712 a factor of 128551884?
False
Is 3454440445 a multiple of 779?
True
Is 3 a factor of 16787070?
True
Is 18880671 a multiple of 843?
True
Is 1932895334 a multiple of 6799?
False
Is 4654806 a multiple of 1079?
True
Does 39 divide 44234629?
False
Is 5 a factor of 4243580?
True
Is 31062798 a multiple of 4?
False
Is 54 a factor of 23115780?
True
Does 42 divide 1006576861?
False
Is 153056230 a multiple of 3503?
False
Is 15511480 a multiple of 136?
True
Is 33063912 a multiple of 2312?
True
Does 49 divide 2134585?
False
Is 564 a factor of 140107188?
True
Is 13 a factor of 63737113?
False
Is 86944032 a multiple of 294?
True
Is 9 a factor of 156210453?
True
Is 62551663 a multiple of 828?
False
Does 1573 divide 68565350?
False
Is 13078023 a multiple of 540?
False
Does 453 divide 58219107?
True
Does 100 divide 154273300?
True
Is 756225360 a multiple of 5?
True
Does 4102 divide 505349992?
True
Is 2169124386 a multiple of 3449?
True
Does 90 divide 218781090?
True
Is 381649072 a multiple of 346?
True
Is 33 a factor of 953402175?
True
Is 393742907 a multiple of 2864?
False
Is 25 a factor of 280216200?
True
Does 4 divide 119046063?
False
Is 1679356083 a multiple of 2793?
False
Is 129 a factor of 1008793760?
False
Is 544097016 a multiple of 1422?
True
Is 873039 a multiple of 30?
False
Is 4070201214 a multiple of 107?
False
Does 37 divide 1714834910?
False
Is 43112744 a multiple of 3?
False
Is 16987761 a multiple of 12?
False
Does 699 divide 1230907545?
True
Is 247 a factor of 126514635?
True
Does 152 divide 37334240?
True
Is 40 a factor of 175083000?
True
Does 8 divide 310081114?
False
Does 131 divide 342224967?
False
Is 15 a factor of 22540723?
False
Is 1379681898 a multiple of 13489?
True
Does 90 divide 246857956?
False
Is 3089803707 a multiple of 5408?
False
Does 357 divide 34664700?
True
Is 43 a factor of 27118076?
False
Is 1737033003 a multiple of 9?
True
Does 7 divide 221070?
False
Is 21625488 a multiple of 452?
True
Does 980 divide 10605536?
False
Is 7 a factor of 585711?
True
Is 852993376 a multiple of 1559?
False
Is 191 a factor of 29218225?
True
Does 8 divide 60062272?
True
Is 46053491 a multiple of 915?
False
Is 56 a factor of 35565524?
False
Is 221768225 a multiple of 505?
True
Is 11 a factor of 192509860?
False
Does 12 divide 208054377?
False
Is 44760384 a multiple of 144?
True
Is 31 a factor of 67229235?
True
Is 4 a factor of 1605612?
True
Is 2600 a factor of 1871282400?
True
Is 720 a factor of 260152?
False
Is 59 a factor of 971496345?
False
Does 17 divide 1031591093?
True
Is 186037784 a multiple of 45?
False
Does 39 divide 1264358189?
False
Is 259397619 a multiple of 12?
False
Is 1233 a factor of 48726927?
True
Is 477 a factor of 47592198?
True
Does 19 divide 1162470711?
True
Is 7084741 a multiple of 6?
False
Does 126 divide 50982624?
True
Is 678233357 a multiple of 84?
False
Is 52 a factor of 4345120?
True
Is 12437293 a multiple of 341?
True
Does 35 divide 168771602?
False
Is 23598176 a multiple of 952?
True
Is 8586463 a multiple of 780?
False
Is 454 a factor of 323805512?
True
Does 4 divide 334373062?
False
Is 252 a factor of 106416576?
True
Is 863122620 a multiple of 3?
True
Does 10 divide 190675312?
False
Does 539 divide 1888872139?
True
Is 538 a factor of 252955429?
False
Is 913369831 a multiple of 94?
False
Is 188 a factor of 5458580?
True
Does 12 divide 923719464?
True
Does 7 divide 418170384?
False
Is 65996128 a multiple of 88?
True
Is 1148 a factor of 153918218?
False
Is 5417142 a multiple of 256?
False
Does 1381 divide 315797413?
True
Is 23609391 a multiple of 34?
False
Is 18000244 a multiple of 536?
False
Is 442 a factor of 41963480?
True
Is 935 a factor of 228813473?
False
Is 2150830 a multiple of 15?
False
Is 207 a factor of 80362161?
True
Is 189 a factor of 2324729?
False
Does 61 divide 31055115?
False
Is 55611062 a multiple of 19?
True
Does 27 divide 28191756?
False
Does 717 divide 38860087?
False
Is 132 a factor of 2658217848?
True
Does 1403 divide 186838652?
False
Does 49 divide 150417015?
True
Is 52 a factor of 8084829?
False
Is 2289119052 a multiple of 33?
True
Is 3104086 a multiple of 1864?
False
Is 13 a factor of 5743650?
False
Does 1397 divide 30822008?
False
Does 84 divide 112248718?
False
Is 1046738400 a multiple of 1037?
False
Does 202 divide 31553006?
True
Is 101815148 a multiple of 112?
False
Is 99077734 a multiple of 8?
False
Is 10488190 a multiple of 19?
True
Does 589 divide 1537794773?
True
Is 428996666 a multiple of 1499?
False
Does 637 divide 142675536?
False
Is 1478817895 a multiple of 2246?
False
Does 177 divide 892764648?
False
Is 945 a factor of 67182885?
True
Does 130 divide 66017266?
False
Is 359873548 a multiple of 46?
True
Is 8612614 a multiple of 11?
False
Does 26 divide 3364202062?
True
Is 210234054 a multiple of 6?
True
Is 31783431 a multiple of 694?
False
Is 339361573 a multiple of 1081?
True
Is 383 a factor of 4447396?
True
Does 6 divide 81884064?
True
Does 3 divide 154689817?
False
Is 8397 a factor of 3700922915?
False
Does 200 divide 1530201?
False
Does 87 divide 386926497?
True
Is 2334023505 a multiple of 405?
True
Is 4 a factor of 25701171?
False
Does 1671 divide 56720833?
False
Is 187 a factor of 51341442?
False
Is 42 a factor of 20529306?
True
Is 625826232 a multiple of 12?
True
Is 148 a factor of 451892100?
True
Does 112 divide 3487182?
False
Is 1003 a factor of 1201214866?
True
Is 47 a factor of 878731599?
True
Is 12 a factor of 1056726648?
True
Is 3 a factor of 16669510?
False
Is 77 a factor of 1731187?
False
Is 42208545 a multiple of 51?
False
Is 20685664 a multiple of 5?
False
Does 27 divide 8552606?
False
Does 161 divide 484794506?
True
Does 22 divide 5409915120?
False
Does 8 divide 247009962?
False
Does 12 divide 438726837?
False
Is 65712151 a multiple of 4?
False
Is 9736 a factor of 730096205?
False
Does 1652 divide 43385268?
False
Is 515067643 a multiple of 1506?
False
Is 13 a factor of 15794253?
False
Does 853 divide 172913374?
False
Is 591 a factor of 43364625?
True
Is 225 a factor of 973607850?
True
Is 2092145 a multiple of 139?
False
Does 49 divide 189191770?
False
Is 39364825 a multiple of 1525?
True
Is 165 a factor of 270662700?
True
Is 81 a factor of 38409315?
False
Is 3463681956 a multiple of 32?
False
Does 157 divide 86297562?
True
Does 24 divide 7846368?
True
Is 14 a factor of 1364626354?
True
Is 10 a factor of 133345237?
False
Is 8557790 a multiple of 38?
True
Is 3522901389 a multiple of 2419?
False
Does 3368 divide 662526016?
True
Is 9422386 a multiple of 194?
True
Does 736 divide 7601203?
False
Is 582 a factor of 47918388?
True
Does 108 divide 41744808?
True
Is 421806769 a multiple of 131?
True
Does 409 divide 20897037?
True
Is 30805361 a multiple of 14?
False
Is 215 a factor of 170415175?
False
Is 6185739 a multiple of 17?
True
Is 114275022 a multiple of 58?
True
Is 240519156 a multiple of 174?
True
Is 1492279 a multiple of 531?
False
Does 1350 divide 8606